 divided by a*(-1)/(-2) - -9?
6
Suppose -3118 + 2970 = -4*b. Suppose 2*x = -3*r + 633, 0 = 5*r + 2*x - 1349 + 290. Suppose 0 = 2*y + y - r. What is the remainder when y is divided by b?
34
What is the remainder when 70 + (-70)/(-28)*4/(-10) is divided by 12?
9
Let l = 686 - 616. Calculate the remainder when 141 is divided by l.
1
Let i(x) = -x + 8. Let l be i(6). Suppose -l*u = -4*o + 60, u = -0*o - 4*o - 48. What is the remainder when 15 is divided by 8/u + (-83)/(-9)?
6
Let q(g) = -5*g - 2. Let p(m) = m**2 + m - 9. Let a be p(-4). Suppose 4*f = a*s - 75, -4*s + 4*f = -f - 99. What is the remainder when s is divided by q(-2)?
5
Suppose 45*p - 46*p = -65. What is the remainder when p is divided by 11?
10
Suppose 4*q - 22 = 10. Let j = q - 2. What is the remainder when 90/4 + (-4)/8 is divided by j?
4
Let g(r) = 2*r**3 - 18*r**2 + 56*r + 6. Calculate the remainder when g(6) is divided by 38.
12
Suppose 3*b = 1233 - 1179. Calculate the remainder when 139 is divided by b.
13
Suppose 5*m - 1267 - 338 = 0. What is the remainder when m is divided by 36?
33
Let n(i) = 0*i - 4*i + 5*i - 3. Let r be n(7). Suppose -8*d = -r*d - 520. Calculate the remainder when d is divided by 33.
31
Let a = 54 - 48. Let x(i) = i**3 - 4*i**2 - 8*i + 3. Calculate the remainder when 104 is divided by x(a).
23
Let d(f) = 2*f**2 - 8*f + 7. Let r be 0 - (-179 + (-4)/(-2)). Suppose -r*x + 120 = -175*x. What is the remainder when x is divided by d(6)?
29
Let h(u) = 28*u**2 - 2*u. Let l = -112 - -111. What is the remainder when 148 is divided by h(l)?
28
Suppose -3*g - 4*u = 5, g - 4*g + 40 = -5*u. Suppose -4*r + 9 = -g*l - 11, 16 = 4*l. What is the remainder when 37 is divided by r?
7
Suppose -25*b = -22*b - 2*x - 810, -3*x = 3*b - 825. What is the remainder when b is divided by 21?
20
Let a(h) = h**3 + 6*h**2 - 10*h - 21. Let g be a(-7). Suppose j + 6*j - 749 = g. Calculate the remainder when j is divided by 12.
11
Suppose 220 = -69*m + 79*m. What is the remainder when 61 is divided by m?
17
Let f(d) = -3*d**2 + 20*d - 2. Calculate the remainder when 175 is divided by f(5).
14
Suppose 8*d + 15 = 5*d, d - 393 = -b. Calculate the remainder when b is divided by 20.
18
Let c(t) = 16*t + 379. What is the remainder when 468 is divided by c(-20)?
55
Let u(s) = 3*s - 11. Let f(i) = -i + 5. Let a(c) = 9*f(c) + 4*u(c). Calculate the remainder when 2/(-8) - 6300/(-112) is divided by a(6).
18
Let t = 394 + -341. Calculate the remainder when 208 is divided by t.
49
Let z = -616 - -705. What is the remainder when 265 is divided by z?
87
Let q = 74 - 43. Calculate the remainder when 1/((-1)/177*-3) is divided by q.
28
Suppose -2*z + 326 = 4*s - 7*s, 0 = 3*z + 3*s - 504. Calculate the remainder when z is divided by 13.
10
Let s(i) = -i**3 + 42*i**2 - 142*i - 71. What is the remainder when s(38) is divided by 52?
49
Let f = -48 + 49. What is the remainder when 30 is divided by (-153)/(-18)*(f + 1)?
13
Let y = 117 + -47. Suppose 2*h - 9 = -5*p - 188, -h + 3 = 0. Let n = y + p. What is the remainder when n is divided by 9?
6
Let a = -185 - -189. What is the remainder when 23 is divided by a?
3
Suppose -4*g + 3*g = -37. Let t(u) = 3*u**3 - 45*u**2 + u - 2. Calculate the remainder when g is divided by t(15).
11
Let l = 1955 - 991. What is the remainder when l is divided by 69?
67
Suppose -2*d - 976 = -10*d. What is the remainder when d is divided by 15?
2
Suppose -5*a + 1226 = -3*w, 3*a + w - 744 = -0*w. Calculate the remainder when a is divided by 10.
7
What is the remainder when -10 + 287 + 13 + -6 is divided by 73?
65
Suppose 0 = 305*v - 310*v + 355. Calculate the remainder when v is divided by 3.
2
Suppose -2*k + 43 = -3*b, -4*b + 1 = -11. Calculate the remainder when 380 is divided by k.
16
Suppose -9*v + 14*v + 2*z - 66 = 0, 2*z + 4 = 0. What is the remainder when 109 is divided by v?
11
Suppose -14*i = -10*i - 8. Suppose i = 8*x - 110. What is the remainder when 153 is divided by x?
13
Calculate the remainder when 95 is divided by (644/35)/((-10)/(-25)).
3
Let j(k) = 120*k**3 - k**2 - k + 1. Let t(w) = 9*w**3 - 11*w**2 - 4. Calculate the remainder when j(1) is divided by t(2).
23
Suppose 35 = 5*l - 40. Let b(c) = c**3 + 24*c**2 + 42*c - 4. Calculate the remainder when b(-22) is divided by l.
10
Suppose 19 + 5 = 6*n. Let k(g) = g**2 - 6*g - 4. Let l be k(12). Suppose 3*v + 5*o = -v + 46, -l = -5*v - o. Calculate the remainder when v is divided by n.
2
Let k(q) = 2*q**3 + q**2 - 3*q + 4. Let j be k(0). Let x(r) = r - 6. Let i be x(6). Suppose -j*d + i*d = -56. What is the remainder when d is divided by 5?
4
Let r(i) = i**3 - 25*i**2 + 3*i - 57. Let x = -17 - -69. Calculate the remainder when x is divided by r(25).
16
Suppose 1555 = 8*i + 83. Let o = 136 - 73. Calculate the remainder when i is divided by o.
58
Suppose -111 = 2*o - 5*o. Let v = o - -37. Calculate the remainder when v is divided by (0 + -1)*(-19)/1.
17
Let h(i) = -2*i**2 - 134*i + 46. Let q = -14 - -30. Calculate the remainder when h(-67) is divided by q.
14
Let b(m) = m**2 - 5*m + 2. Let u be b(5). Suppose h + 18 = 3*v, 6*h - 23 = -u*v + 3*h. Calculate the remainder when 1 + 0 - (v - 49) is divided by 23.
20
Suppose 0 = -2*g + 100 + 40. What is the remainder when 209 is divided by g?
69
Calculate the remainder when (-352)/(-5) - (-22)/(-55) is divided by 24.
22
Let f = 115 - 175. Let s = 125 - f. Suppose -s = -5*l - 2*p - 2*p, -l = 4*p - 53. Calculate the remainder when l is divided by 7.
5
Let p(t) = -t**2 - 23*t + 171 + 2*t**2 - 167. Calculate the remainder when p(25) is divided by 11.
10
Suppose -4*s - 5*g = 5, 5*g - 15 = -4*s + 4*g. Calculate the remainder when 36 is divided by s.
1
Let p = 115 + -113. Suppose p*x - 43 + 2 = -3*d, -4 = 2*x. Calculate the remainder when 88 is divided by d.
13
Let w = 510 + -461. What is the remainder when 233 is divided by w?
37
What is the remainder when -21*(860/(-195) - (-1)/13) is divided by 43?
5
Suppose 0 = -2*q + q. Suppose -w + 0*y = -y - 10, -3*y + 6 = q. What is the remainder when 70 is divided by w?
10
Suppose 29*b = 27*b + 682. Calculate the remainder when b is divided by 43.
40
Let o = 15 + -18. Calculate the remainder when o - (-2 - 64)/2 is divided by 16.
14
Let x = 44 + -22. What is the remainder when 4/6*(127 + -1) is divided by x?
18
Let y(q) = 28*q - 954. What is the remainder when 1079 is divided by y(36)?
53
Suppose 2*l = -3*j + 220, -129*j + 128*j = l - 109. Suppose 5*n = 2*n + 108. What is the remainder when l is divided by n?
35
Suppose -t + 2*t = 192. Let m = t + -109. Suppose 0 = -113*w + 117*w - 84. What is the remainder when m is divided by w?
20
Let d(f) = 2*f**3 - 23*f**2 + 11*f + 14. What is the remainder when 263 is divided by d(11)?
11
Let y = -28 - -42. Suppose 8*l = 6*l + 10. What is the remainder when y is divided by l?
4
Let q = -133 - -185. What is the remainder when 205 is divided by q?
49
Let q = 462 - 200. Calculate the remainder when q is divided by 44.
42
Suppose -27*i + 34*i - 119 = 0. What is the remainder when 253 is divided by i?
15
Let o(w) = -8*w + 3. Suppose -4*h - 2*x + 35 = h, -2*h + 14 = 5*x. What is the remainder when o(-3) is divided by h/(-28) - 50/(-8)?
3
Suppose 144*u + 81*u - 1550 = 70*u. Suppose 5*y - 196 = y. Calculate the remainder when y is divided by u.
9
Suppose 0*w = -4*n + 5*w - 9, 3*w - 19 = -n. What is the remainder when 45 is divided by n?
1
Suppose -3*o - 3*z = -42, -4*o = 3*z - 53 + 2. What is the remainder when 257 is divided by o?
5
Let c(h) = -h + 17. Let x be c(14). Suppose 5*w + o - 363 = 0, -7 + 1 = x*o. What is the remainder when w is divided by (-2 - (-2 - -1)) + 16?
13
Let q = 346 + -305. Calculate the remainder when 126 is divided by q.
3
Let g(x) = 8*x - 7 - 26 + 3*x. Calculate the remainder when 40 is divided by g(5).
18
Suppose -4*q - 4 = -12. Suppose 0 = -q*k + k + 7. Calculate the remainder when 25 is divided by k.
4
Let y(l) = -22*l + 290. What is the remainder when 46 is divided by y(12)?
20
Suppose -35*o + 38*o - 6 = 3*j, 0 = 5*j - 3*o. What is the remainder when 4 is divided by j?
1
Let c = 20 + -7. Suppose -j + c = 10. What is the remainder when 1*(243/3)/j is divided by 15?
12
Let j(o) = -2*o + 2. Let z be j(-6). Let x = -20 + z. Let g(d) = d**2 + 2*d - 7. Calculate the remainder when 101 is di